are the prime factors of 45840?
2, 3, 5, 191
What are the prime factors of 2254?
2, 7, 23
What are the prime factors of 32741?
29, 1129
List the prime factors of 27526.
2, 13763
List the prime factors of 94566.
2, 3, 15761
List the prime factors of 2676.
2, 3, 223
List the prime factors of 689.
13, 53
What are the prime factors of 761?
761
What are the prime factors of 63831?
3, 21277
What are the prime factors of 4724?
2, 1181
What are the prime factors of 4255?
5, 23, 37
What are the prime factors of 57223?
57223
List the prime factors of 62142.
2, 3, 10357
List the prime factors of 47231.
73, 647
What are the prime factors of 19439?
7, 2777
List the prime factors of 6728.
2, 29
List the prime factors of 23243.
11, 2113
What are the prime factors of 522?
2, 3, 29
List the prime factors of 114.
2, 3, 19
List the prime factors of 4028.
2, 19, 53
List the prime factors of 1007.
19, 53
What are the prime factors of 1995?
3, 5, 7, 19
List the prime factors of 2222.
2, 11, 101
List the prime factors of 13617.
3, 17, 89
What are the prime factors of 34655?
5, 29, 239
What are the prime factors of 1071?
3, 7, 17
List the prime factors of 13090.
2, 5, 7, 11, 17
List the prime factors of 24734.
2, 83, 149
What are the prime factors of 307?
307
What are the prime factors of 15823?
15823
List the prime factors of 455.
5, 7, 13
List the prime factors of 418.
2, 11, 19
What are the prime factors of 4431?
3, 7, 211
List the prime factors of 1908.
2, 3, 53
List the prime factors of 8800.
2, 5, 11
List the prime factors of 34909.
7, 4987
What are the prime factors of 13316?
2, 3329
What are the prime factors of 1713?
3, 571
List the prime factors of 71174.
2, 19, 1873
List the prime factors of 2565.
3, 5, 19
List the prime factors of 940.
2, 5, 47
What are the prime factors of 3307?
3307
List the prime factors of 4295.
5, 859
What are the prime factors of 6573?
3, 7, 313
What are the prime factors of 5313?
3, 7, 11, 23
List the prime factors of 6067.
6067
List the prime factors of 983.
983
List the prime factors of 204719.
204719
List the prime factors of 3975.
3, 5, 53
What are the prime factors of 11331?
3, 1259
List the prime factors of 6529.
6529
List the prime factors of 4121.
13, 317
List the prime factors of 63259.
7, 1291
What are the prime factors of 77?
7, 11
List the prime factors of 1231.
1231
List the prime factors of 85.
5, 17
List the prime factors of 12760.
2, 5, 11, 29
List the prime factors of 5001.
3, 1667
List the prime factors of 4684.
2, 1171
What are the prime factors of 1096?
2, 137
List the prime factors of 28038.
2, 3, 4673
What are the prime factors of 4797?
3, 13, 41
List the prime factors of 5084.
2, 31, 41
List the prime factors of 2927.
2927
What are the prime factors of 2231?
23, 97
What are the prime factors of 27035?
5, 5407
List the prime factors of 1304.
2, 163
What are the prime factors of 10271?
10271
What are the prime factors of 8062?
2, 29, 139
What are the prime factors of 596?
2, 149
What are the prime factors of 4349?
4349
List the prime factors of 1328.
2, 83
What are the prime factors of 247?
13, 19
List the prime factors of 24926.
2, 11, 103
List the prime factors of 41369.
41, 1009
What are the prime factors of 6108?
2, 3, 509
What are the prime factors of 10506?
2, 3, 17, 103
What are the prime factors of 1407?
3, 7, 67
What are the prime factors of 40765?
5, 31, 263
What are the prime factors of 801?
3, 89
List the prime factors of 992.
2, 31
What are the prime factors of 85280?
2, 5, 13, 41
What are the prime factors of 6648?
2, 3, 277
What are the prime factors of 9925?
5, 397
List the prime factors of 12168.
2, 3, 13
List the prime factors of 4398.
2, 3, 733
List the prime factors of 157151.
29, 5419
What are the prime factors of 23861?
107, 223
What are the prime factors of 19068?
2, 3, 7, 227
List the prime factors of 3654.
2, 3, 7, 29
What are the prime factors of 28745?
5, 5749
What are the prime factors of 1234?
2, 617
What are the prime factors of 2949?
3, 983
What are the prime factors of 13713?
3, 7, 653
What are the prime factors of 12275?
5, 491
What are the prime factors of 36051?
3, 61, 197
List the prime factors of 5164.
2, 1291
List the prime factors of 282.
2, 3, 47
List the prime factors of 16702.
2, 7, 1193
What are the prime factors of 10323?
3, 31, 37
What are the prime factors of 3965?
5, 13, 61
List the prime factors of 5972.
2, 1493
List the prime factors of 644.
2, 7, 23
List the prime factors of 7742.
2, 7, 79
List the prime factors of 13483.
97, 139
What are the prime factors of 2487?
3, 829
What are the prime factors of 450?
2, 3, 5
List the prime factors of 449.
449
What are the prime factors of 5050?
2, 5, 101
List the prime factors of 17115.
3, 5, 7, 163
What are the prime factors of 10054?
2, 11, 457
List the prime factors of 61659.
3, 13, 17, 31
What are the prime factors of 1229?
1229
List the prime factors of 532.
2, 7, 19
List the prime factors of 1333.
31, 43
What are the prime factors of 54752?
2, 29, 59
What are the prime factors of 8055?
3, 5, 179
What are the prime factors of 8863?
8863
List the prime factors of 1293.
3, 431
List the prime factors of 1628.
2, 11, 37
What are the prime factors of 10468?
2, 2617
What are the prime factors of 89822?
2, 97, 463
What are the prime factors of 33353?
33353
List the prime factors of 8559.
3, 317
What are the prime factors of 10901?
11, 991
List the prime factors of 21191.
21191
What are the prime factors of 4506?
2, 3, 751
List the prime factors of 488.
2, 61
List the prime factors of 16559.
29, 571
List the prime factors of 625.
5
List the prime factors of 3139.
43, 73
What are the prime factors of 773?
773
What are the prime factors of 42195?
3, 5, 29, 97
What are the prime factors of 10383?
3, 3461
List the prime factors of 407.
11, 37
List the prime factors of 534.
2, 3, 89
List the prime factors of 2067.
3, 13, 53
What are the prime factors of 150694?
2, 75347
List the prime factors of 4420.
2, 5, 13, 17
What are the prime factors of 1065?
3, 5, 71
What are the prime factors of 13714?
2, 6857
What are the prime factors of 3069?
3, 11, 31
What are the prime factors of 8549?
83, 103
What are the prime factors of 17999?
41, 439
What are the prime factors of 4730?
2, 5, 11, 43
What are the prime factors of 21963?
3, 7321
List the prime factors of 1594.
2, 797
What are the prime factors of 35378?
2, 7, 19
List the prime factors of 4859.
43, 113
What are the prime factors of 1265?
5, 11, 23
What are the prime factors of 7133?
7, 1019
What are the prime factors of 100499?
7, 293
What are the prime factors of 27217?
17, 1601
What are the prime factors of 148859?
148859
What are the prime factors of 16318?
2, 41, 199
List the prime factors of 1138.
2, 569
List the prime factors of 81.
3
List the prime factors of 92181.
3, 30727
List the prime factors of 1395.
3, 5, 31
List the prime factors of 605.
5, 11
What are the prime factors of 15645?
3, 5, 7, 149
List the prime factors of 7545.
3, 5, 503
List the prime factors of 46659.
3, 103, 151
What are the prime factors of 1439?
1439
List the prime factors of 27462.
2, 3, 23, 199
What are the prime factors of 1921?
17, 113
What are the prime factors of 2419?
41, 59
List the prime factors of 79.
79
List the prime factors of 1953.
3, 7, 31
List the prime factors of 2761.
11, 251
List the prime factors of 22861.
22861
List the prime factors of 2848.
2, 89
List the prime factors of 159893.
127, 1259
List the prime factors of 106466.
2, 53233
List the prime factors of 17001.
3, 1889
What are the prime factors of 519?
3, 173
What are the prime factors of 134?
2, 67
What are the prime factors of 42?
2, 3, 7
List the prime factors of 1249.
1249
What are the prime factors of 15037?
11, 1367
What are the prime factors of 141173?
79, 1787
List the prime factors of 25757.
43, 599
List the prime factors of 1480.
2, 5, 37
What are the prime factors of 354?
2, 3, 59
What are the prime factors of 24596?
2, 11, 13, 43
List the prime factors of 2719.
2719
List the prime factors of 38019.
3, 19, 23, 29
What are the prime factors of 92622?
2, 3, 43, 359
List the prime factors of 23986.
2, 67, 179
List the prime factors of 1824.
2, 3, 19
What are the prime factors of 54104?
2, 6763
List the prime fac